{"id":78,"date":"2015-04-17T09:05:28","date_gmt":"2015-04-17T07:05:28","guid":{"rendered":"https:\/\/schluesseldienst-hannover-list.com\/schluesselnotdienst\/?page_id=78"},"modified":"2021-01-10T23:10:56","modified_gmt":"2021-01-10T21:10:56","slug":"alarmanlagen-hannover","status":"publish","type":"page","link":"https:\/\/schluesseldienst-hannover-list.com\/schluesselnotdienst\/alarmanlagen-hannover\/","title":{"rendered":"Alarmanlagen Hannover"},"content":{"rendered":"<h1>Alarmanlagen Hannover<\/h1>\n<h2><a href=\"https:\/\/i0.wp.com\/schluesseldienst-hannover-list.com\/schluesselnotdienst\/wp-content\/uploads\/Fotolia_44825990_M.jpg?ssl=1\"><img loading=\"lazy\" decoding=\"async\" class=\"aligncenter wp-image-94\" src=\"https:\/\/i0.wp.com\/schluesseldienst-hannover-list.com\/schluesselnotdienst\/wp-content\/uploads\/Fotolia_44825990_M.jpg?resize=314%2C314&#038;ssl=1\" alt=\"Fotolia_44825990_M\" width=\"314\" height=\"314\" srcset=\"https:\/\/i0.wp.com\/schluesseldienst-hannover-list.com\/schluesselnotdienst\/wp-content\/uploads\/Fotolia_44825990_M.jpg?w=1378&amp;ssl=1 1378w, https:\/\/i0.wp.com\/schluesseldienst-hannover-list.com\/schluesselnotdienst\/wp-content\/uploads\/Fotolia_44825990_M.jpg?resize=150%2C150&amp;ssl=1 150w, https:\/\/i0.wp.com\/schluesseldienst-hannover-list.com\/schluesselnotdienst\/wp-content\/uploads\/Fotolia_44825990_M.jpg?resize=300%2C300&amp;ssl=1 300w, https:\/\/i0.wp.com\/schluesseldienst-hannover-list.com\/schluesselnotdienst\/wp-content\/uploads\/Fotolia_44825990_M.jpg?resize=1024%2C1024&amp;ssl=1 1024w, https:\/\/i0.wp.com\/schluesseldienst-hannover-list.com\/schluesselnotdienst\/wp-content\/uploads\/Fotolia_44825990_M.jpg?resize=60%2C60&amp;ssl=1 60w\" sizes=\"(max-width: 314px) 100vw, 314px\" data-recalc-dims=\"1\" \/><\/a>Alarmanlagen Serviceruf 0511-757548<\/h2>\n<p>&nbsp;<\/p>\n<p>Neben unserem <a title=\"T\u00fcr\u00f6ffnung \u20ac 68,\u2013\" href=\"https:\/\/schluesseldienst-hannover-list.com\/schluesselnotdienst\/\">Schl\u00fcsseldienst Hannover<\/a> bieten wir auch ein breites Spektrum an elektronischen und mechanischen Absicherungen. Wir f\u00fchren ein umfangreiches Sortiment an Profi-Einbruchmeldetechnik verschiedener Hersteller. Unser Einsatzgebiet ist von Hannover bis Leipzig. Die von uns angebotenen Einbruchmeldeanlagen sind hochmodern und k\u00f6nnen \u00fcber Ihr Mobiltelefon aus der Ferne oder auch ganz normal \u00fcber ein \u00fcbersichtliches Bedienteil vor Ort bedienst werden. Wir bieten Einbruchmeldeanlagen mit \u00f6rtlicher Alarmierung oder Aufschaltung auf Ihr Festnetz- Mobiltelefon und zum Wachdienst. Die Installation und Beratung erfolgt durch erfahrene Techniker, welche im Bereich Alarmanlagen \/ Einbruchmeldetechnik \u00fcber eine langj\u00e4hrige Erfahrung verf\u00fcgen.<\/p>\n<p>&nbsp;<\/p>\n<p><span class=\"embed-youtube\" style=\"text-align:center; display: block;\"><iframe loading=\"lazy\" class=\"youtube-player\" width=\"810\" height=\"456\" src=\"https:\/\/www.youtube.com\/embed\/zzVDAiYvJsg?version=3&#038;rel=1&#038;showsearch=0&#038;showinfo=1&#038;iv_load_policy=1&#038;fs=1&#038;hl=de-DE&#038;autohide=2&#038;wmode=transparent\" allowfullscreen=\"true\" style=\"border:0;\" sandbox=\"allow-scripts allow-same-origin allow-popups allow-presentation allow-popups-to-escape-sandbox\"><\/iframe><\/span><\/p>\n<p>Die Anforderungen an eine Einbruchmeldeanlage sind oft sehr unterschiedlich. Daher beraten wir Sie gerne vor Ort. Die Beratung ist kostenlos und unverbindlich. Rufen Sie heute noch 0511-757548 an und vereinbaren Sie mit unserem <strong>Alarmanlagen Hannover<\/strong> Team einen Beratungstermin.<\/p>\n<p>&nbsp;<\/p>\n<h3>Unser Alarmanlagen Notdienst ist immer f\u00fcr Sie da<\/h3>\n<p>Wenn Sie bei uns eine Alarmanlage \/ Einbruchmeldeanlage gekauft haben, stehen wir Ihnen rund um die Uhr mit Rat und Tat zur Seite. So haben Sie die Sicherheit, dass Ihre Anlage gut betreut ist und falls mal eine St\u00f6rung anfallen sollte haben Sie jederzeit einen Ansprechpartner zur Hand.<\/p>\n<figure id=\"attachment_95\" aria-describedby=\"caption-attachment-95\" style=\"width: 377px\" class=\"wp-caption aligncenter\"><a href=\"https:\/\/i0.wp.com\/schluesseldienst-hannover-list.com\/schluesselnotdienst\/wp-content\/uploads\/Schl\u00fcssel-und-Alarm-ausgeschnitten.jpg?ssl=1\"><img loading=\"lazy\" decoding=\"async\" class=\"size-full wp-image-95\" src=\"https:\/\/i0.wp.com\/schluesseldienst-hannover-list.com\/schluesselnotdienst\/wp-content\/uploads\/Schl\u00fcssel-und-Alarm-ausgeschnitten.jpg?resize=377%2C319&#038;ssl=1\" alt=\"Alarmanlagen Hanover\" width=\"377\" height=\"319\" srcset=\"https:\/\/i0.wp.com\/schluesseldienst-hannover-list.com\/schluesselnotdienst\/wp-content\/uploads\/Schl\u00fcssel-und-Alarm-ausgeschnitten.jpg?w=377&amp;ssl=1 377w, https:\/\/i0.wp.com\/schluesseldienst-hannover-list.com\/schluesselnotdienst\/wp-content\/uploads\/Schl\u00fcssel-und-Alarm-ausgeschnitten.jpg?resize=300%2C254&amp;ssl=1 300w\" sizes=\"(max-width: 377px) 100vw, 377px\" data-recalc-dims=\"1\" \/><\/a><figcaption id=\"caption-attachment-95\" class=\"wp-caption-text\">Unser Alarmanlagen Hannover Team erreichen Sie Tag und Nacht<\/figcaption><\/figure>\n<p>&nbsp;<\/p>\n<div class=\"pe-richsnippets\"><\/div>\n<p><script type=\"text\/javascript\" src=\"https:\/\/www.provenexpert.com\/widget\/richsnippet.js?u=18TB0Vwp0xmAkDGpkpGp2HwZ48TA1LmA&#038;v=2\" async><\/script><\/p>","protected":false},"excerpt":{"rendered":"<p>Alarmanlagen Hannover Alarmanlagen Serviceruf 0511-757548 &nbsp; Neben unserem Schl\u00fcsseldienst Hannover bieten wir auch ein breites Spektrum an elektronischen und mechanischen Absicherungen. Wir f\u00fchren ein umfangreiches Sortiment an Profi-Einbruchmeldetechnik verschiedener Hersteller. Unser Einsatzgebiet ist von Hannover<\/p>\n","protected":false},"author":1,"featured_media":0,"parent":0,"menu_order":0,"comment_status":"open","ping_status":"open","template":"template-fullwidth.php","meta":{"advanced_seo_description":"","jetpack_seo_html_title":"","jetpack_seo_noindex":false,"jetpack_post_was_ever_published":false,"footnotes":""},"jetpack_sharing_enabled":true,"jetpack_shortlink":"https:\/\/wp.me\/P6aBdB-1g","_links":{"self":[{"href":"https:\/\/schluesseldienst-hannover-list.com\/schluesselnotdienst\/wp-json\/wp\/v2\/pages\/78"}],"collection":[{"href":"https:\/\/schluesseldienst-hannover-list.com\/schluesselnotdienst\/wp-json\/wp\/v2\/pages"}],"about":[{"href":"https:\/\/schluesseldienst-hannover-list.com\/schluesselnotdienst\/wp-json\/wp\/v2\/types\/page"}],"author":[{"embeddable":true,"href":"https:\/\/schluesseldienst-hannover-list.com\/schluesselnotdienst\/wp-json\/wp\/v2\/users\/1"}],"replies":[{"embeddable":true,"href":"https:\/\/schluesseldienst-hannover-list.com\/schluesselnotdienst\/wp-json\/wp\/v2\/comments?post=78"}],"version-history":[{"count":17,"href":"https:\/\/schluesseldienst-hannover-list.com\/schluesselnotdienst\/wp-json\/wp\/v2\/pages\/78\/revisions"}],"predecessor-version":[{"id":421,"href":"https:\/\/schluesseldienst-hannover-list.com\/schluesselnotdienst\/wp-json\/wp\/v2\/pages\/78\/revisions\/421"}],"wp:attachment":[{"href":"https:\/\/schluesseldienst-hannover-list.com\/schluesselnotdienst\/wp-json\/wp\/v2\/media?parent=78"}],"curies":[{"name":"wp","href":"https:\/\/api.w.org\/{rel}","templated":true}]}}