{"id":402,"date":"2018-09-27T11:48:25","date_gmt":"2018-09-27T09:48:25","guid":{"rendered":"https:\/\/schluesseldienst-hannover-list.com\/schluesselnotdienst\/?page_id=402"},"modified":"2021-01-10T23:29:55","modified_gmt":"2021-01-10T21:29:55","slug":"schluesseldienst-in-hannover","status":"publish","type":"page","link":"https:\/\/schluesseldienst-hannover-list.com\/schluesselnotdienst\/schluesseldienst-in-hannover\/","title":{"rendered":"Ihr Schl\u00fcsseldienst in Hannover \u2013 preiswerte T\u00fcr\u00f6ffnungen"},"content":{"rendered":"<p>Sie haben sich ausgesperrt oder Ihr Schl\u00fcssel ist im Schloss abgebrochen? Dann kontaktieren sie am besten unseren <strong>Schl\u00fcsseldienst<\/strong> in <strong>Hannover<\/strong> \u2013 wir sind innerhalb kurzer Zeit zur Stelle und helfen Ihnen, damit Sie Ihre Wohnung oder Ihr Haus schnell wieder betreten k\u00f6nnen. Au\u00dferdem sind wir auch als <strong>Schl\u00fcsselnotdienst<\/strong> f\u00fcr <strong>Hannover<\/strong> und Umgebung zust\u00e4ndig und helfen Ihnen rund um die Uhr zuverl\u00e4ssig weiter \u2013 auch an Wochenenden und Feiertagen.<\/p>\n<p>Wenden Sie sich vertrauensvoll an unseren <strong>Schl\u00fcsseldienst<\/strong> in <strong>Hannover<\/strong>. Gerne informieren wir Sie auch bei Fragen zu unseren Dienstleistungen ausf\u00fchrlich. Einfach 0511-757548 anrufen und sparen. Unsere <a href=\"https:\/\/schluesseldienst-hannover-list.com\/schluesselnotdienst\/preise\/schluesseldienst-tagespreise\/\">Schl\u00fcsseldienst Preise<\/a> finden Sie hier.<\/p>\n<h2><strong>Schl\u00fcsselnotdienst f\u00fcr Hannover und Umgebung rufen<\/strong><\/h2>\n<p>Egal welches Problem es in Bezug auf unfreiwillig verschlossene T\u00fcren gibt, wir helfen Ihnen unkompliziert weiter. Schnell ist es passiert und die Haust\u00fcre f\u00e4llt zu, w\u00e4hrend der Schl\u00fcssel sich noch in der Wohnung befindet. Nun ist guter Rat beziehungsweise Expertenhilfe gefragt. Hier kommen wir ins Spiel. Rufen Sie unseren <strong>Schl\u00fcsseldienst<\/strong> an, damit wir schnelle Hilfe gew\u00e4hrleisten k\u00f6nnen. Gerne machen wir Ihnen ein Angebot zu unseren Leistungen.<\/p>\n<p>Wir informieren Sie bereits vorab, zu welchen Preisen wir f\u00fcr Sie t\u00e4tig werden. Es ist uns wichtig, immer transparent zu arbeiten, denn wir m\u00f6chten Sie als unsere Kunden zufriedenstellen und geben bei allen T\u00e4tigkeiten stets unser Bestes. Kontaktieren Sie uns, wenn Sie Ihre T\u00fcr unbeabsichtigt zugezogen haben oder Ihr Schl\u00fcssel abgebrochen ist. Wir sind auch Ihr <strong>Schl\u00fcsselnotdienst<\/strong> f\u00fcr <strong>Hannover<\/strong> und Umgebung, wenn der Schl\u00fcssel im Schloss durchdreht. Dabei spielt es keine Rolle, zu welcher Tageszeit der Notfall eintritt \u2013 denn auch nachts k\u00f6nnen Sie uns rufen.<\/p>\n<p>Sie haben Ihren Schl\u00fcssel verloren oder das Schloss ist zugeklebt? Beauftragen Sie uns, damit wir eine passende L\u00f6sung f\u00fcr Sie finden k\u00f6nnen und Sie Ihr Zuhause wieder betreten k\u00f6nnen. Unsere Dienstleistungen bieten wir zu fairen Preisen an, die Sie bereits kennen, bevor wir f\u00fcr Sie t\u00e4tig werden. Alleine Sie entscheiden, ob wir Ihren Auftrag erhalten und ausf\u00fchren d\u00fcrfen.<\/p>\n<h2><strong>Wir arbeiten zuverl\u00e4ssig und transparent f\u00fcr unsere Kunden<\/strong><\/h2>\n<p>Im Vergleich zu dubiosen und unseri\u00f6sen Schl\u00fcsseldiensten arbeiten wir immer transparent und zuverl\u00e4ssig f\u00fcr unsere Kunden. Deshalb m\u00f6chten wir uns auch ausdr\u00fccklich von den schwarzen Schafen in unserer Branche distanzieren.<\/p>\n<p>Wir als Ihr <strong>Schl\u00fcsseldienst<\/strong> und <strong>Schl\u00fcsselnotdienst<\/strong><strong> in <\/strong><strong>Hannover<\/strong> kl\u00e4ren Sie \u00fcber die verschiedenen M\u00f6glichkeiten auf, die wir im Zusammenhang der T\u00fcr\u00f6ffnung durchf\u00fchren k\u00f6nnen. Die Informationen geben wir nat\u00fcrlich leicht verst\u00e4ndlich an Sie weiter, damit Ihnen sofort klar ist, welche Ma\u00dfnahmen wir anbieten. Verstecke Kosten gibt es bei uns nicht, da wir als <a href=\"https:\/\/schluesseldienst-hannover-list.com\/schluesselnotdienst\"><strong>Schl\u00fcsseldienst<\/strong><\/a> in <strong>Hannover<\/strong> immer mit offenen Karten arbeiten.<\/p>\n<p>Da wir bereits seit 30 Jahren f\u00fcr unsere Kunden t\u00e4tig sind, k\u00f6nnen wir auf einen langj\u00e4hrigen Erfahrungsschatz verweisen. Bei allen Arbeiten rund um den <strong>Schl\u00fcsselnotdienst<\/strong> in <strong>Hannover<\/strong> und Umgebung gehen wir routiniert und professionell vor, um schnell Abhilfe zu schaffen. Sobald wir vor Ort sind, k\u00f6nnen Sie sich auf schnelle und zuverl\u00e4ssige Arbeiten verlassen.<\/p>\n<h2><strong>Unsere Arbeiten erfolgen materialschonend<\/strong><\/h2>\n<p>Alle T\u00fcr\u00f6ffnungen erfolgen auf schonende Weise, denn wir m\u00f6chten Besch\u00e4digungen Ihrer T\u00fcren und damit verbundene Folgekosten zu vermeiden. Falls Sie ein akutes Problem haben, sind wir innerhalb kurzer Zeit f\u00fcr Sie da. Zudem haben Sie die M\u00f6glichkeit, Termine mit uns zu vereinbaren, wenn Sie ein grunds\u00e4tzliches Problem haben, das die Arbeit eines professionellen Fachmanns bedarf.<\/p>\n<p>Neben den Dienstleistungen rund um T\u00fcr\u00f6ffnungen bietet unser <strong>Schl\u00fcsseldienst<\/strong> in <strong>Hannover<\/strong> den fachgerechten Einbau von Sicherheitssystemen an, wenn Sie Ihr Zuhause zus\u00e4tzlich absichern m\u00f6chten. Auch in diesem Bereich beraten wir Sie ausf\u00fchrlich zu den vorhandenen M\u00f6glichkeiten und Systemen.<\/p>\n<p><a href=\"https:\/\/i0.wp.com\/schluesseldienst-hannover-list.com\/schluesselnotdienst\/wp-content\/uploads\/mit-Schrift.jpg?ssl=1\"><img loading=\"lazy\" decoding=\"async\" class=\"aligncenter size-full wp-image-407\" src=\"https:\/\/i0.wp.com\/schluesseldienst-hannover-list.com\/schluesselnotdienst\/wp-content\/uploads\/mit-Schrift.jpg?resize=810%2C532&#038;ssl=1\" alt=\"zuverl\u00e4ssiger Schl\u00fcsseldienst Hannover\" width=\"810\" height=\"532\" srcset=\"https:\/\/i0.wp.com\/schluesseldienst-hannover-list.com\/schluesselnotdienst\/wp-content\/uploads\/mit-Schrift.jpg?w=1701&amp;ssl=1 1701w, https:\/\/i0.wp.com\/schluesseldienst-hannover-list.com\/schluesselnotdienst\/wp-content\/uploads\/mit-Schrift.jpg?resize=300%2C197&amp;ssl=1 300w, https:\/\/i0.wp.com\/schluesseldienst-hannover-list.com\/schluesselnotdienst\/wp-content\/uploads\/mit-Schrift.jpg?resize=768%2C504&amp;ssl=1 768w, https:\/\/i0.wp.com\/schluesseldienst-hannover-list.com\/schluesselnotdienst\/wp-content\/uploads\/mit-Schrift.jpg?resize=1024%2C672&amp;ssl=1 1024w, https:\/\/i0.wp.com\/schluesseldienst-hannover-list.com\/schluesselnotdienst\/wp-content\/uploads\/mit-Schrift.jpg?w=1620&amp;ssl=1 1620w\" sizes=\"(max-width: 810px) 100vw, 810px\" data-recalc-dims=\"1\" \/><\/a><\/p>\n<div class=\"pe-richsnippets\"><\/div>\n<p><script type=\"text\/javascript\" src=\"https:\/\/www.provenexpert.com\/widget\/richsnippet.js?u=18TB0Vwp0xmAkDGpkpGp2HwZ48TA1LmA&#038;v=2\" async><\/script><\/p>","protected":false},"excerpt":{"rendered":"<p>Sie haben sich ausgesperrt oder Ihr Schl\u00fcssel ist im Schloss abgebrochen? Dann kontaktieren sie am besten unseren Schl\u00fcsseldienst in Hannover \u2013 wir sind innerhalb kurzer Zeit zur Stelle und helfen Ihnen, damit Sie Ihre Wohnung<\/p>\n","protected":false},"author":1,"featured_media":0,"parent":0,"menu_order":0,"comment_status":"closed","ping_status":"closed","template":"template-fullwidth.php","meta":{"advanced_seo_description":"","jetpack_seo_html_title":"","jetpack_seo_noindex":false,"jetpack_post_was_ever_published":false,"footnotes":""},"jetpack_sharing_enabled":true,"jetpack_shortlink":"https:\/\/wp.me\/P6aBdB-6u","_links":{"self":[{"href":"https:\/\/schluesseldienst-hannover-list.com\/schluesselnotdienst\/wp-json\/wp\/v2\/pages\/402"}],"collection":[{"href":"https:\/\/schluesseldienst-hannover-list.com\/schluesselnotdienst\/wp-json\/wp\/v2\/pages"}],"about":[{"href":"https:\/\/schluesseldienst-hannover-list.com\/schluesselnotdienst\/wp-json\/wp\/v2\/types\/page"}],"author":[{"embeddable":true,"href":"https:\/\/schluesseldienst-hannover-list.com\/schluesselnotdienst\/wp-json\/wp\/v2\/users\/1"}],"replies":[{"embeddable":true,"href":"https:\/\/schluesseldienst-hannover-list.com\/schluesselnotdienst\/wp-json\/wp\/v2\/comments?post=402"}],"version-history":[{"count":8,"href":"https:\/\/schluesseldienst-hannover-list.com\/schluesselnotdienst\/wp-json\/wp\/v2\/pages\/402\/revisions"}],"predecessor-version":[{"id":435,"href":"https:\/\/schluesseldienst-hannover-list.com\/schluesselnotdienst\/wp-json\/wp\/v2\/pages\/402\/revisions\/435"}],"wp:attachment":[{"href":"https:\/\/schluesseldienst-hannover-list.com\/schluesselnotdienst\/wp-json\/wp\/v2\/media?parent=402"}],"curies":[{"name":"wp","href":"https:\/\/api.w.org\/{rel}","templated":true}]}}