{"id":171,"date":"2015-10-05T12:28:46","date_gmt":"2015-10-05T10:28:46","guid":{"rendered":"https:\/\/schluesseldienst-hannover-list.com\/schluesselnotdienst\/?page_id=171"},"modified":"2024-03-08T14:09:44","modified_gmt":"2024-03-08T12:09:44","slug":"schluessel-verloren","status":"publish","type":"page","link":"https:\/\/schluesseldienst-hannover-list.com\/schluesselnotdienst\/tueroeffnung-sofort\/schluessel-verloren\/","title":{"rendered":"Schl\u00fcssel verloren"},"content":{"rendered":"<h1>Schl\u00fcssel verloren<\/h1>\n<p>&nbsp;<\/p>\n<p>Sie haben Ihren Wohnungst\u00fcrschl\u00fcssel, Garagenschl\u00fcssel, Haust\u00fcrschl\u00fcssel verloren. Jetzt ist die Erfahrung eines echten Fachmannes gefragt. Rufen Sie einfach den <strong>Schl\u00fcsseldienst Hannover<\/strong> (0511-757548) hier erleben Sie keine unangenehmen \u00dcberraschungen. Erfahrene Schl\u00fcsseldienst Techniker \u00f6ffnen oft binnen Sekunden Ihre zugefallene Wohnungst\u00fcr. Auch falls Sie den Schl\u00fcssel verloren oder abgebrochen haben, unsere T\u00fcr\u00f6ffnungs Profis helfen Ihnen sofort. Entlang der Podbi und der Lister Meile im Bereich Hannover List und Hannover Oststadt sind wir binnen 10 bis 15 Minuten bei Ihnen. Schnell und preiswert ist unser <a href=\"https:\/\/schluesseldienst-hannover-list.com\/schluesselnotdienst\/\">Schl\u00fcsseldienst<\/a> auch in allen anderen Stadtteilen binnen 20 Minuten bei Ihnen. Verlassen Sie sich auf unsere langj\u00e4hrige Erfahrung im Bereich Sicherheitstechnik und unsere fairen <a href=\"https:\/\/schluesseldienst-hannover-list.com\/schluesselnotdienst\/tueroeffnungspreise\" target=\"_blank\" rel=\"noopener\">Schl\u00fcsseldienst Preise<\/a>.<\/p>\n<p><span style=\"color: #ff0000;\">Unser Schl\u00fcsseldienst ist schnell und preiswert in ganz Hannover und Umland f\u00fcr Sie da!<\/span><\/p>\n<figure id=\"attachment_29\" aria-describedby=\"caption-attachment-29\" style=\"width: 300px\" class=\"wp-caption aligncenter\"><a href=\"https:\/\/i0.wp.com\/schluesseldienst-hannover-list.com\/schluesselnotdienst\/wp-content\/uploads\/Fotolia_30013506_XS.jpg?ssl=1\"><img loading=\"lazy\" decoding=\"async\" class=\" wp-image-29 size-medium\" src=\"https:\/\/i0.wp.com\/schluesseldienst-hannover-list.com\/schluesselnotdienst\/wp-content\/uploads\/Fotolia_30013506_XS.jpg?resize=300%2C300&#038;ssl=1\" alt=\"Schl\u00fcsseldienst Hannover List\" width=\"300\" height=\"300\" srcset=\"https:\/\/i0.wp.com\/schluesseldienst-hannover-list.com\/schluesselnotdienst\/wp-content\/uploads\/Fotolia_30013506_XS.jpg?resize=300%2C300&amp;ssl=1 300w, https:\/\/i0.wp.com\/schluesseldienst-hannover-list.com\/schluesselnotdienst\/wp-content\/uploads\/Fotolia_30013506_XS.jpg?resize=150%2C150&amp;ssl=1 150w, https:\/\/i0.wp.com\/schluesseldienst-hannover-list.com\/schluesselnotdienst\/wp-content\/uploads\/Fotolia_30013506_XS.jpg?resize=60%2C60&amp;ssl=1 60w, https:\/\/i0.wp.com\/schluesseldienst-hannover-list.com\/schluesselnotdienst\/wp-content\/uploads\/Fotolia_30013506_XS.jpg?w=346&amp;ssl=1 346w\" sizes=\"(max-width: 300px) 100vw, 300px\" data-recalc-dims=\"1\" \/><\/a><figcaption id=\"caption-attachment-29\" class=\"wp-caption-text\">Zufriedene Kunden sind uns sehr wichtig<\/figcaption><\/figure>\n<p>Von Anfang an sind Sie bei Lagershausen Sicherheitstechnik in guten H\u00e4nden. Auf unseren zuverl\u00e4ssigen Tag &amp; Nacht Service vertrauen viele Hausverwaltungen, Gerichtsvollzieher, Polizei, Gewerbetreibende und Privatpersonen. Mit \u00fcber 30 Jahren Erfahrung im Bereich Sicherheitstechnik stehen wir Ihnen in allen Belangen rund um elektronische und mechanische Absicherungen zur Verf\u00fcgung. Wir haben keine &#8222;sell &amp; forget&#8220; Verkaufstrategie, sondern bei uns werden Sie auch nach dem Kauf bestens betreut. Egal ob Sie nur einen Schl\u00fcssel bei uns kaufen oder eine komplette Einbruchmeldeanlage installieren lassen &#8211; Ihre Kundenzufriedenheit liegt uns am Herzen. Unser Leistungsspektrum ist nicht nur auf den reinen Schl\u00fcsseldienst ausgerichtet. Wir bieten Ihnen eine Vielzahl verschiedenster Sicherheitsprodukte f\u00fcr jede Anwendung. Auch in schwierigen F\u00e4llen haben wir die passende L\u00f6sung f\u00fcr Sie.<\/p>\n<figure id=\"attachment_38\" aria-describedby=\"caption-attachment-38\" style=\"width: 346px\" class=\"wp-caption aligncenter\"><a href=\"https:\/\/i0.wp.com\/schluesseldienst-hannover-list.com\/schluesselnotdienst\/wp-content\/uploads\/Qualit\u00e4t-zum-Bestpreis-Trust-Partner.jpg?ssl=1\"><img loading=\"lazy\" decoding=\"async\" class=\"size-full wp-image-38\" src=\"https:\/\/i0.wp.com\/schluesseldienst-hannover-list.com\/schluesselnotdienst\/wp-content\/uploads\/Qualit\u00e4t-zum-Bestpreis-Trust-Partner.jpg?resize=346%2C346&#038;ssl=1\" alt=\"Schl\u00fcsseldienst Preise\" width=\"346\" height=\"346\" srcset=\"https:\/\/i0.wp.com\/schluesseldienst-hannover-list.com\/schluesselnotdienst\/wp-content\/uploads\/Qualit\u00e4t-zum-Bestpreis-Trust-Partner.jpg?w=346&amp;ssl=1 346w, https:\/\/i0.wp.com\/schluesseldienst-hannover-list.com\/schluesselnotdienst\/wp-content\/uploads\/Qualit\u00e4t-zum-Bestpreis-Trust-Partner.jpg?resize=150%2C150&amp;ssl=1 150w, https:\/\/i0.wp.com\/schluesseldienst-hannover-list.com\/schluesselnotdienst\/wp-content\/uploads\/Qualit\u00e4t-zum-Bestpreis-Trust-Partner.jpg?resize=300%2C300&amp;ssl=1 300w, https:\/\/i0.wp.com\/schluesseldienst-hannover-list.com\/schluesselnotdienst\/wp-content\/uploads\/Qualit\u00e4t-zum-Bestpreis-Trust-Partner.jpg?resize=60%2C60&amp;ssl=1 60w\" sizes=\"(max-width: 346px) 100vw, 346px\" data-recalc-dims=\"1\" \/><\/a><figcaption id=\"caption-attachment-38\" class=\"wp-caption-text\">Wir bieten ein gute Preis- Leistungsverh\u00e4ltnis<\/figcaption><\/figure>\n<p>Fallen Sie nicht auf die falschen Preisversprechen einiger Schl\u00fcsseldienst herein. Bei uns bekommen Sie bereits am Telefon verbindliche Preise genannt. So kostet eine T\u00fcr\u00f6ffnung an Werktagen in der Zeit von 8.00 bis 18.00 Uhr inkl. Fahrt und Mehrwertsteuer nur \u20ac 99,&#8211;. Unsere <a title=\"T\u00fcr\u00f6ffnungspreise\" href=\"https:\/\/schluesseldienst-hannover-list.com\/schluesselnotdienst\/tueroeffnungspreise\">Schl\u00fcsseldienst Preise<\/a> geben Ihnen genaue Auskunft. Gerne beantworten wir Ihnen Ihre Fragen auch telefonisch. Unser freundliches Team freut sich auf Ihren Anruf!<\/p>\n<p><strong><span style=\"color: #ff0000;\">Unser Versprechen:<\/span><\/strong><\/p>\n<p><span style=\"color: #ff0000;\"><strong>&#8211; keine Preisnachforderungen<\/strong><\/span><\/p>\n<p><span style=\"color: #ff0000;\"><strong>&#8211; es kommt ein Techniker aus Ihrer N\u00e4he<\/strong><\/span><\/p>\n<p><span style=\"color: #ff0000;\"><strong>&#8211; bereits am Telefon erfahren Sie den verbindlichen Endpreis<\/strong><\/span><\/p>\n<p><span style=\"color: #ff0000;\"><strong>&#8211; freundliche, schnelle Ausf\u00fchrung vom Schl\u00fcsseldienstprofi<\/strong><\/span><\/p>\n<p><strong>Tipp: Fallen Sie beim Preisvergleich mit anderen Schl\u00fcsseldiensten nicht auf Lockangebote herein (z. B. \u20ac 15,&#8211; je Arbeitseinheit oder Viertelstunde) &#8211; da kommen schnell einige hundert Euro zusammen. Gehen Sie auf Nummer Sicher und vertrauen Sie unserer Festpreisgarantie und unserer langj\u00e4hrigen Erfahrung! Lesen Sie auch unsere <a href=\"https:\/\/schluesseldienst-hannover-list.com\/schluesselnotdienst\/info\">Schl\u00fcsseldienst Info<\/a>.<br \/>\n<\/strong><\/p>\n<h2>Schl\u00fcsseldienst Hannover 0511-757548<\/h2>\n<h5><\/h5>\n<h5>H\u00e4ufige Fragen an unseren Schl\u00fcsseldienst<\/h5>\n<p><em>Wie kann ich die Rechnung bezahlen?<\/em><\/p>\n<p>Privatkunden k\u00f6nnen per Girokarte (EC Karte) und per Barzahlung bezahlen. Gewerbekunden und Beh\u00f6rden k\u00f6nnen die Rechnung per \u00dcberweisung ausgleichen.<\/p>\n<p><em>Ist Ihr Schl\u00fcsseldienst immer erreichbar?<\/em><\/p>\n<p>Wir sind an 365 Tagen im Jahr rund um die Uhr f\u00fcr Sie erreichbar. Scheuen Sie sich nicht davor uns auch in der Nacht anzurufen &#8211; das ist f\u00fcr uns ganz normal.<\/p>\n<p><em>Bekommen Sie jede T\u00fcr auf?<\/em><\/p>\n<p>Bisher haben wir jede T\u00fcr auf bekommen. Bedingt durch unser Spezialwerkzeugsortment \u00f6ffnen wir auch Hochsicherheitst\u00fcren. Wir haben bereits T\u00fcren ge\u00f6ffnet, bei denen andere Schl\u00fcsseldienste aufgegeben hatten.<\/p>\n<p><em>Wird die T\u00fcr bei der \u00d6ffnung besch\u00e4digt?<\/em><\/p>\n<p>Unser Spezialgebiet ist die sanfte T\u00fcr\u00f6ffnung. Ist die T\u00fcr nur zugefallen, bekommen wir diese in 99,9% aller F\u00e4lle binnen Sekunden und ohne jede Besch\u00e4digung auf. Ist die T\u00fcr abgeschlossen, m\u00fcssen wir h\u00e4ufig den Zylinder wechseln. Dabei k\u00f6nnen minimale Kratzer an T\u00fcrbeschlag entstehen. Wir sind stets bem\u00fcht so vorsichtig wie m\u00f6glich zu arbeiten und versuchen alles um Sch\u00e4den zu vermeiden.<\/p>\n<p><em>Nehmen Sie jeden Auftrag an?<\/em><\/p>\n<p>Grunds\u00e4tzlich ist uns jeder Kunde willkommen. Wir behalten uns vor, Auftr\u00e4g abzulehnen &#8211; zum Beispiel wenn sich der Kunde unangemessen verh\u00e4lt oder wenn wir vor Ort feststellen, dass getroffene Angaben nicht zutreffen. Kosten entstehen dem Kunden dadurch nicht, auch wenn wir bereits vor Ort sind. Falls Sie nicht nachweisen k\u00f6nnen, der Mieter oder Eigent\u00fcmer des Objektes zu sein, werden wir auch keine \u00d6ffnung durchf\u00fchren oder die Polizei mit hinzuziehen.<\/p>\n<p><strong>Kurz\u00fcberblick \u00fcber unseren Leistungsumfang:<\/strong><\/p>\n<div class=\"fl\">\n<ul class=\"klein\">\n<li>Alarmanlagen<\/li>\n<li>Autoschl\u00fcssel<\/li>\n<li>Briefeinw\u00fcrfe<\/li>\n<li>Briefk\u00e4sten<\/li>\n<li>Briefkastenanlagen<\/li>\n<li>Chubbschl\u00fcssel<\/li>\n<li>Doppelbartschl\u00fcssel<\/li>\n<li>Fenstersicherungen<\/li>\n<li>Feststellanlagen<\/li>\n<li>Fernschaltsysteme<\/li>\n<li>Fluchtwegesicherungen<\/li>\n<li>Gegensprechanlagen\/Videosprechanlagen<\/li>\n<li>Geldkassetten<\/li>\n<li>Gitter<\/li>\n<li>Hausnummern<\/li>\n<li>Kastenzusatzschl\u00f6sser<\/li>\n<li>Klingelanlagen<\/li>\n<li>Klingelplatten<\/li>\n<li>Motorschl\u00f6sser<\/li>\n<li>Namensschilder<\/li>\n<li>Ortungssysteme<\/li>\n<li>Rauchmelder<\/li>\n<li>Schlie\u00dfanlagen<\/li>\n<li>Schl\u00f6sser<\/li>\n<li>Schl\u00fcssel<\/li>\n<li>Schl\u00fcsselk\u00e4sten<\/li>\n<li>Schrankenanlagen<\/li>\n<li>Sicherheitsbeschl\u00e4ge<\/li>\n<li>Torantriebe<\/li>\n<li>Tresore<\/li>\n<li>T\u00fcrantriebe<\/li>\n<li>T\u00fcrbeschl\u00e4ge<\/li>\n<li>T\u00fcr\u00f6ffner<\/li>\n<li>T\u00fcr\u00f6ffnungen<\/li>\n<li>T\u00fcrschlie\u00dfer<\/li>\n<li>T\u00fcrsicherungen<\/li>\n<li>Video\u00fcberwachung<\/li>\n<li>Videosprechanlagen<\/li>\n<li>Waffenschr\u00e4nke\/ Tresore<\/li>\n<li>Zusatzsicherungen<\/li>\n<li>Zutrittskontrollsysteme<\/li>\n<\/ul>\n<\/div>\n<p><span class=\"embed-youtube\" style=\"text-align:center; display: block;\"><iframe loading=\"lazy\" class=\"youtube-player\" width=\"810\" height=\"456\" src=\"https:\/\/www.youtube.com\/embed\/ZDW-HlDitaw?version=3&#038;rel=1&#038;showsearch=0&#038;showinfo=1&#038;iv_load_policy=1&#038;fs=1&#038;hl=de-DE&#038;autohide=2&#038;wmode=transparent\" allowfullscreen=\"true\" style=\"border:0;\" sandbox=\"allow-scripts allow-same-origin allow-popups allow-presentation allow-popups-to-escape-sandbox\"><\/iframe><\/span><br \/>\nUnser Schl\u00fcsseldienst ist auch in allen anderen Stadtteilen von Hannover und im Umland f\u00fcr Sie t\u00e4tig:<\/p>\n<p><a title=\"Schl\u00fcsseldienst Hannover Ahlem\" href=\"http:\/\/www.top-schluesseldienst-hannover.de\/Ahlem.html\">Schl\u00fcsselnotdienst Hannover Ahlem<\/a><br \/>\n<a title=\"Schl\u00fcsseldienst Hannover Anderten\" href=\"http:\/\/www.top-schluesseldienst-hannover.de\/hannover%20anderten.html\">Schl\u00fcsseldienst Hannover Anderten<\/a><br \/>\nSchl\u00fcsseldienst Hannover Badenstedt<br \/>\nSchl\u00fcsselnotdienst Hannover Bemerode<br \/>\nSchl\u00fcsseldienst Hannover Bornum<br \/>\nSchl\u00fcsseldienst Hannover Bothfeld<br \/>\nSchl\u00fcsseldienst Hannover Bult<br \/>\nSchl\u00fcsselnotdienst Hannover Burg<br \/>\n<a title=\"Schl\u00fcsseldienst Calenberger Neustadt\" href=\"http:\/\/www.top-schluesseldienst-hannover.de\/calenberger%20schluesseldienst.html\">Schl\u00fcsseldienst Calenberger Neustadt<\/a><br \/>\nSchl\u00fcsseldienst Hannover Davenstedt<br \/>\nSchl\u00fcsselnotdienst Hannover D\u00f6hren<br \/>\nSchl\u00fcsseldienst Hannover Gro\u00df Buchholz<br \/>\nSchl\u00fcsseldienst Hannover Brink-Hafen<br \/>\nSchl\u00fcsselnotdienst Hannover Hainholz<br \/>\nSchl\u00fcsselnotdienst Hannover Heideviertel<br \/>\n<a title=\"Schl\u00fcsseldienst Hannover Herrenhausen\" href=\"http:\/\/www.top-schluesseldienst-hannover.de\/herrenhausen.html\">Schl\u00fcsseldienst Hannover Herrenhausen<\/a><br \/>\nSchl\u00fcsseldienst Hannover Isernhagen-S\u00fcd<br \/>\nSchl\u00fcsseldienst Hannover Kirchrode<br \/>\nSchl\u00fcsselnotdienst Hannover Kleefeld<br \/>\nSchl\u00fcsselnotdienst Hannover Lahe<br \/>\nSchl\u00fcsseldienst Hannover Ledeburg<br \/>\nSchl\u00fcsseldienst Hannover Leinhausen<br \/>\nSchl\u00fcsselnotdienst Hannover Limmer<br \/>\n<a title=\"Schl\u00fcsseldienst Hannover Linden\" href=\"http:\/\/www.top-schluesseldienst-hannover.de\/linden.html\">Schl\u00fcsselnotdienst Hannover Linden-Mitte<\/a><br \/>\n<a title=\"Schl\u00fcsseldienst Linden\" href=\"http:\/\/www.top-schluesseldienst-hannover.de\/linden.html\">Schl\u00fcsseldienst Hannover Linden-Nord<\/a><br \/>\n<a href=\"http:\/\/www.top-schluesseldienst-hannover.de\/linden.html\">Schl\u00fcsseldienst Hannover Linden-S\u00fcd <\/a><\/p>\n<p><a title=\"Schl\u00fcsseldienst Hannover List\" href=\"http:\/\/www.top-schluesseldienst-hannover.de\/list.html\">Schl\u00fcsselnotdienst Hannover List<\/a><\/p>\n<p><a title=\"Schl\u00fcsseldienst Hannover List\" href=\"http:\/\/schluesseldienst-hanover.de\/schluesseldienst-hannover-list\" target=\"_blank\" rel=\"noopener\">Schl\u00fcsseldienst Hannover List<\/a><br \/>\nSchl\u00fcsseldienst Hannover Marienwerder<br \/>\n<a title=\"Schl\u00fcsseldienst Hannover Misburg\" href=\"http:\/\/www.top-schluesseldienst-hannover.de\/hannover%20misburg.html\">Schl\u00fcsseldienst Hannover Misburg<\/a><br \/>\n<a href=\"http:\/\/www.top-schluesseldienst-hannover.de\/hannover%20misburg.html\">Schl\u00fcsseldienst Hannover Misburg-S\u00fcd<\/a><br \/>\n<a title=\"Ihr Schl\u00fcsseldienst f\u00fcr Hanover City \/ Zentrum\" href=\"http:\/\/www.top-schluesseldienst-hannover.de\/hannover%20zentrum.html\">Schl\u00fcsseldienst Hannover Mitte<\/a><br \/>\nSchl\u00fcsseldienst Hannover Mittelfeld<br \/>\nSchl\u00fcsseldienst Hannover M\u00fchlenberg<br \/>\nSchl\u00fcsseldienst Hannover Nordhafen<br \/>\nSchl\u00fcsseldienst Hannover Nordstadt<br \/>\nSchl\u00fcsseldienst Hannover Oberricklingen<br \/>\n<a title=\"Schl\u00fcsseldienst Hannover Oststadt\" href=\"http:\/\/www.schluesseldienst-hannover-lister-meile.de\" target=\"_blank\" rel=\"noopener\">Schl\u00fcsselnotdienst Hannover Oststadt<\/a><br \/>\n<a title=\"Schl\u00fcsseldienst Hannover Ricklingen\" href=\"http:\/\/www.top-schluesseldienst-hannover.de\/Ricklingen.html\">Schl\u00fcsselnotdienst Hannover Ricklingen<\/a><br \/>\nSchl\u00fcsseldienst Hannover Sahlkamp<br \/>\nSchl\u00fcsseldienst Hannover Seelhorst<br \/>\n<a title=\"Schl\u00fcsseldienst St\u00f6cken\" href=\"http:\/\/www.top-schluesseldienst-hannover.de\/hannover%20stoecken.html\">Schl\u00fcsseldienst Hannover St\u00f6cken<\/a><br \/>\nSchl\u00fcsseldienst Hannover S\u00fcdstadt<br \/>\nSchl\u00fcsseldienst Hannover Vahrenheide<br \/>\n<a title=\"Blitzschneller Schl\u00fcsseldienst f\u00fcr Hannover Vahrenwald\" href=\"http:\/\/www.top-schluesseldienst-hannover.de\/vahrenwald.html\">Schl\u00fcsseldienst Hannover Vahrenwald<\/a><br \/>\nSchl\u00fcsseldienst Hannover Vinnhorst<br \/>\nSchl\u00fcsseldienst Hannover Waldhausen<br \/>\nSchl\u00fcsseldienst Hannover Waldheim<br \/>\nSchl\u00fcsseldienst Hannover Wettbergen<br \/>\nSchl\u00fcsseldienst Hannover W\u00fclfel<br \/>\nSchl\u00fcsseldienst Hannover Zoo Viertel<br \/>\nSchl\u00fcsseldienst Hannover<br \/>\nSchl\u00fcsseldienst Pattensen<br \/>\nSchl\u00fcsseldienst Arnum<br \/>\nSchl\u00fcsseldienst Sarstedt<br \/>\nSchl\u00fcsseldienst Lehrte<br \/>\nSchl\u00fcsseldienst Barsinghausen<br \/>\nSchl\u00fcsseldienst Langenhagen<br \/>\nSchl\u00fcsselnotdienst Laatzen<br \/>\nSchl\u00fcsselnotdienst Ronnenberg<br \/>\nSchl\u00fcsseldienst Kirchhorst<br \/>\nSchl\u00fcsseldienst Seelze-Letter<br \/>\nSchl\u00fcsseldienst Isernhagen<br \/>\nSchl\u00fcsselnotdienst Hemmingen<br \/>\nSchl\u00fcsseldienst Hildesheim<br \/>\nSchl\u00fcsseldienst Celle<br \/>\nSchl\u00fcsseldienst Burgdorf<br \/>\n<a href=\"http:\/\/schl\u00fcsseldienst-lehrte.de\/schluesseldienst\/\" target=\"_blank\" rel=\"noopener\">Schl\u00fcsseldienst Lehrte<\/a><\/p>\n<div class=\"pe-richsnippets\"><\/div>\n<p><script type=\"text\/javascript\" src=\"https:\/\/www.provenexpert.com\/widget\/richsnippet.js?u=18TB0Vwp0xmAkDGpkpGp2HwZ48TA1LmA&#038;v=2\" async><\/script><\/p>","protected":false},"excerpt":{"rendered":"<p>Schl\u00fcssel verloren &nbsp; Sie haben Ihren Wohnungst\u00fcrschl\u00fcssel, Garagenschl\u00fcssel, Haust\u00fcrschl\u00fcssel verloren. Jetzt ist die Erfahrung eines echten Fachmannes gefragt. Rufen Sie einfach den Schl\u00fcsseldienst Hannover (0511-757548) hier erleben Sie keine unangenehmen \u00dcberraschungen. Erfahrene Schl\u00fcsseldienst Techniker \u00f6ffnen<\/p>\n","protected":false},"author":1,"featured_media":0,"parent":2,"menu_order":0,"comment_status":"closed","ping_status":"closed","template":"template-fullwidth.php","meta":{"advanced_seo_description":"","jetpack_seo_html_title":"","jetpack_seo_noindex":false,"jetpack_post_was_ever_published":false,"footnotes":""},"jetpack_sharing_enabled":true,"jetpack_shortlink":"https:\/\/wp.me\/P6aBdB-2L","_links":{"self":[{"href":"https:\/\/schluesseldienst-hannover-list.com\/schluesselnotdienst\/wp-json\/wp\/v2\/pages\/171"}],"collection":[{"href":"https:\/\/schluesseldienst-hannover-list.com\/schluesselnotdienst\/wp-json\/wp\/v2\/pages"}],"about":[{"href":"https:\/\/schluesseldienst-hannover-list.com\/schluesselnotdienst\/wp-json\/wp\/v2\/types\/page"}],"author":[{"embeddable":true,"href":"https:\/\/schluesseldienst-hannover-list.com\/schluesselnotdienst\/wp-json\/wp\/v2\/users\/1"}],"replies":[{"embeddable":true,"href":"https:\/\/schluesseldienst-hannover-list.com\/schluesselnotdienst\/wp-json\/wp\/v2\/comments?post=171"}],"version-history":[{"count":7,"href":"https:\/\/schluesseldienst-hannover-list.com\/schluesselnotdienst\/wp-json\/wp\/v2\/pages\/171\/revisions"}],"predecessor-version":[{"id":567,"href":"https:\/\/schluesseldienst-hannover-list.com\/schluesselnotdienst\/wp-json\/wp\/v2\/pages\/171\/revisions\/567"}],"up":[{"embeddable":true,"href":"https:\/\/schluesseldienst-hannover-list.com\/schluesselnotdienst\/wp-json\/wp\/v2\/pages\/2"}],"wp:attachment":[{"href":"https:\/\/schluesseldienst-hannover-list.com\/schluesselnotdienst\/wp-json\/wp\/v2\/media?parent=171"}],"curies":[{"name":"wp","href":"https:\/\/api.w.org\/{rel}","templated":true}]}}