{"id":120,"date":"2015-05-06T17:12:22","date_gmt":"2015-05-06T15:12:22","guid":{"rendered":"https:\/\/schluesseldienst-hannover-list.com\/schluesselnotdienst\/?page_id=120"},"modified":"2024-03-08T14:05:56","modified_gmt":"2024-03-08T12:05:56","slug":"info","status":"publish","type":"page","link":"https:\/\/schluesseldienst-hannover-list.com\/schluesselnotdienst\/info\/","title":{"rendered":"Schl\u00fcsseldienst Hannover Info"},"content":{"rendered":"<figure id=\"attachment_26\" aria-describedby=\"caption-attachment-26\" style=\"width: 412px\" class=\"wp-caption aligncenter\"><a href=\"https:\/\/i0.wp.com\/schluesseldienst-hannover-list.com\/schluesselnotdienst\/wp-content\/uploads\/Fotolia_11959274_XS.jpg?ssl=1\"><img loading=\"lazy\" decoding=\"async\" class=\"wp-image-26 size-full\" src=\"https:\/\/i0.wp.com\/schluesseldienst-hannover-list.com\/schluesselnotdienst\/wp-content\/uploads\/Fotolia_11959274_XS.jpg?resize=412%2C291&#038;ssl=1\" alt=\"Schl\u00fcsseldienst Hannover Info\" width=\"412\" height=\"291\" srcset=\"https:\/\/i0.wp.com\/schluesseldienst-hannover-list.com\/schluesselnotdienst\/wp-content\/uploads\/Fotolia_11959274_XS.jpg?w=412&amp;ssl=1 412w, https:\/\/i0.wp.com\/schluesseldienst-hannover-list.com\/schluesselnotdienst\/wp-content\/uploads\/Fotolia_11959274_XS.jpg?resize=300%2C211&amp;ssl=1 300w\" sizes=\"(max-width: 412px) 100vw, 412px\" data-recalc-dims=\"1\" \/><\/a><figcaption id=\"caption-attachment-26\" class=\"wp-caption-text\">Schl\u00fcsseldienst Hannover mit Kompetenz und Herz<\/figcaption><\/figure>\n<h2>Schl\u00fcsseldienst Info<\/h2>\n<p><span style=\"color: #ff0000;\"><strong>Rufen Sie uns unter der Rufnummer 0511-757548 an!<\/strong><\/span><\/p>\n<p>Sie haben sich ausgesperrt? Dann sollten Sie nicht spontan oder un\u00fcberlegt bei der Schl\u00fcsseldienst Beauftragung sein. Fallen Sie nicht auf unglaubw\u00fcrdige Lockangebote herein. Wenn Sie einen\u00a0 zuverl\u00e4ssigen Schl\u00fcsseldienst suchen, dann sind Sie bei uns richtig. Ist die T\u00fcr zugefallen, der Schl\u00fcssel verloren oder das Schloss defekt, dann rufen Sie uns an. Wir bieten Ihnen in Hannover beste <a href=\"https:\/\/schluesseldienst-hannover-list.com\/schluesselnotdienst\/tueroeffnungspreise\">Schl\u00fcsseldienst Preise<\/a> mit Festpreisgarantie. Bei uns brauchen Sie keine Angst vor \u00fcberh\u00f6hten Preisen zu haben. Wir nennen Ihnen bereits vorab den Endpreis am Telefon. Speichern Sie sich bereits jetzt f\u00fcr den Notfall unsere Rufnummer (0511-757548). Helfen Sie auch Nachbarn, Freunden und Bekannten indem Sie unsere Nummer weitergeben. Sie haben Ihre <a href=\"https:\/\/schluesseldienst-hannover-list.com\/schluesselnotdienst\/beispiel-seite\/tuer-zugezogen\">T\u00fcr zugezogen<\/a> den <a href=\"https:\/\/schluesseldienst-hannover-list.com\/schluesselnotdienst\/beispiel-seite\/schluessel-verloren\" target=\"_blank\" rel=\"noopener noreferrer\">Schl\u00fcssel verloren<\/a> oder den <a href=\"https:\/\/schluesseldienst-hannover-list.com\/schluesselnotdienst\/beispiel-seite\/schluessel-abgebrochen\" target=\"_blank\" rel=\"noopener noreferrer\">Schl\u00fcssel abgebrochen<\/a> &#8211; das ist f\u00fcr uns kein Problem &#8211; unser <strong>Schl\u00fcssel Eildienst<\/strong> ist binnen Minuten bei Ihnen.<\/p>\n<h3>Kosten f\u00fcr den Schl\u00fcsselnotdienst<\/h3>\n<p>F\u00fcr nur 99,&#8211; Euro \u00f6ffnet unser <a href=\"https:\/\/schluesseldienst-hannover-list.com\/schluesselnotdienst\/\">Schl\u00fcsseldienst Hannover <\/a>wochentags zwischen 08:00 und 18:00 Uhr Ihre T\u00fcr. Unser Sp\u00e4ttarif von 18:00 Uhr bis 22:00 Uhr betr\u00e4gt Euro 111,&#8211;. Sonntags und an Feiertagensowie in der Nacht betr\u00e4gt der Preis f\u00fcr eine zugefallene T\u00fcr Euro 140,&#8211;. Bei uns gibt es keine versteckten Kosten &#8211; Anfahrt, Mehrwertsteuer, Arbeitslohn sind selbstverst\u00e4ndlich bereits in den genannten Preisen enthalten.<\/p>\n<p>Da wir in Hannover mit unserem Unternehmen ans\u00e4ssig sind, k\u00f6nnen wir Ihnen sofort helfen, so dass Sie nicht lange vor der T\u00fcr stehen brauchen. Wir fahren direkt nach Ihrem Anruf los und sind binnen k\u00fcrzester Zeit vor Ort.<\/p>\n<h3>Sanfte T\u00fcr\u00f6ffnung vom Fachmann<\/h3>\n<p>Wir versuchen stets die T\u00fcren besch\u00e4digungsfrei \u00f6ffnen. Durch hochmodere \u00d6ffnungsmethoden gelingt das unseren Schl\u00fcsseldienst Technikern fast immer. Deshalb k\u00f6nnen wir diese guten Preise anbieten. Mit fast 35 Jahren Erfahrung im Sicherheitstechnikgewerbe geh\u00f6ren wir zu den erfahrensten Schl\u00fcsseldiensten in Hannover. Wir schrecken vor keiner T\u00fcr\u00f6ffnung zur\u00fcck. Selbst Hochsicherheitsheitst\u00fcren und Fallenbr\u00fcche werden von uns schnell und zuverl\u00e4ssig ge\u00f6ffnet. Hier sagen viele Schl\u00fcsseldienst ab, weil sie das entsprechende Werkzeig und die erforderliche Erfahrung nicht besitzen. Auf unsere Kompetenz k\u00f6nnen Sie vertrauen.<\/p>\n<h3>K\u00f6nnen auch Termine gemacht werden?<\/h3>\n<p>Not\u00f6ffnungen f\u00fchren wir sofort nach Anruf oder auf Terminabsprache durch. Auch f\u00fcr Beratungen und Montagen k\u00f6nnen Sie jederzeit einen Termin bei uns vereinbaren. Rufen Sie uns einfach an.<\/p>\n<h3>Unserer Schl\u00fcsseldienst ist immer erreichbar<\/h3>\n<p>Wir sind Tag und Nacht f\u00fcr Sie telefonisch unter 0511-757548 erreichbar. Auch an Feiertagen und in der Nacht steht Ihnen unser Schl\u00fcsseldienst zur Verf\u00fcgung.<\/p>\n<h4><\/h4>\n<h4>Darauf sollten Sie bei der Schl\u00fcsseldienstbeauftragung achten<\/h4>\n<p>Es gibt viele Wege auf einen Schl\u00fcsseldienst aufmerksam zu werden. Per Telefonauskunft oder im Branchenbuch und auch im Internet. Am besten ist nat\u00fcrlich die Empfehlung \u00fcber Freunde und Bekannte, welche schon mal einen Schl\u00fcsseldienst beauftragt hatten. In jedem Fall sollten Sie darauf achten, dass der beauftragte Schl\u00fcsseldienst wirklich aus Hannover kommt und einen festen verbindlichen Preis bereits am Telefon nennt. Einige unseri\u00f6se Schl\u00fcsseldienste haben eine ganze Branche in ein dunkles Licht ger\u00fcckt. Von dieses Gesch\u00e4ftspraktiken der &#8222;Abzocke&#8220; distanzieren wir uns ausdr\u00fccklich. Viele ehrliche Kollegen haben genau wie wir unter diesem Image zu leiden. Dabei hilft eine Vielzahl von Schl\u00fcsseldiensten seinen Kunden bei jedem Wind und Wetter und zu jeder Tages und Nachtzeit zu fairen Preisen aus einer Notsituation<\/p>\n<h3>Unsere weiteren Schl\u00fcsseldienst Dienstleistungen<\/h3>\n<p>Neben unserem Schl\u00fcsselnotdienst bieten wir Ihnen eine Vielzahl von mechanischen und elektronischen Sicherheitssystemen an. Von <a href=\"https:\/\/schluesseldienst-hannover-list.com\/schluesselnotdienst\/alarmanlagen-hannover\">Alarmanlagen<\/a> bis Zusatzschloss haben wir alles im Lieferprogramm. Lassen Sie sich einfach von uns beraten und wir werden das f\u00fcr Sie passende Produkt finden, welches Ihren Preis- und Sicherheitsvorstellungen entspricht.<\/p>\n<figure id=\"attachment_38\" aria-describedby=\"caption-attachment-38\" style=\"width: 346px\" class=\"wp-caption aligncenter\"><a href=\"https:\/\/i0.wp.com\/schluesseldienst-hannover-list.com\/schluesselnotdienst\/wp-content\/uploads\/Qualit\u00e4t-zum-Bestpreis-Trust-Partner.jpg?ssl=1\"><img loading=\"lazy\" decoding=\"async\" class=\"size-full wp-image-38\" src=\"https:\/\/i0.wp.com\/schluesseldienst-hannover-list.com\/schluesselnotdienst\/wp-content\/uploads\/Qualit\u00e4t-zum-Bestpreis-Trust-Partner.jpg?resize=346%2C346&#038;ssl=1\" alt=\"Schl\u00fcsseldienst Preise\" width=\"346\" height=\"346\" srcset=\"https:\/\/i0.wp.com\/schluesseldienst-hannover-list.com\/schluesselnotdienst\/wp-content\/uploads\/Qualit\u00e4t-zum-Bestpreis-Trust-Partner.jpg?w=346&amp;ssl=1 346w, https:\/\/i0.wp.com\/schluesseldienst-hannover-list.com\/schluesselnotdienst\/wp-content\/uploads\/Qualit\u00e4t-zum-Bestpreis-Trust-Partner.jpg?resize=150%2C150&amp;ssl=1 150w, https:\/\/i0.wp.com\/schluesseldienst-hannover-list.com\/schluesselnotdienst\/wp-content\/uploads\/Qualit\u00e4t-zum-Bestpreis-Trust-Partner.jpg?resize=300%2C300&amp;ssl=1 300w, https:\/\/i0.wp.com\/schluesseldienst-hannover-list.com\/schluesselnotdienst\/wp-content\/uploads\/Qualit\u00e4t-zum-Bestpreis-Trust-Partner.jpg?resize=60%2C60&amp;ssl=1 60w\" sizes=\"(max-width: 346px) 100vw, 346px\" data-recalc-dims=\"1\" \/><\/a><figcaption id=\"caption-attachment-38\" class=\"wp-caption-text\">Wir bieten ein gute Preis- Leistungsverh\u00e4ltnis<\/figcaption><\/figure>\n<p>Der Aktionsradius unseres Schl\u00fcsseldienstes betr\u00e4gt ganz Hannover und die Region Hannover. Wir ben\u00f6tigen im Schnitt zwischen 15 bis 30 Minuten bis wir bei Ihnen sind.<\/p>\n<div class=\"pe-richsnippets\"><\/div>\n<p><script type=\"text\/javascript\" src=\"https:\/\/www.provenexpert.com\/widget\/richsnippet.js?u=18TB0Vwp0xmAkDGpkpGp2HwZ48TA1LmA&amp;v=2\" async=\"\"><\/script><\/p>","protected":false},"excerpt":{"rendered":"<p>Schl\u00fcsseldienst Info Rufen Sie uns unter der Rufnummer 0511-757548 an! Sie haben sich ausgesperrt? Dann sollten Sie nicht spontan oder un\u00fcberlegt bei der Schl\u00fcsseldienst Beauftragung sein. Fallen Sie nicht auf unglaubw\u00fcrdige Lockangebote herein. Wenn Sie<\/p>\n","protected":false},"author":1,"featured_media":0,"parent":0,"menu_order":0,"comment_status":"open","ping_status":"open","template":"template-fullwidth.php","meta":{"advanced_seo_description":"","jetpack_seo_html_title":"","jetpack_seo_noindex":false,"jetpack_post_was_ever_published":false,"footnotes":""},"jetpack_sharing_enabled":true,"jetpack_shortlink":"https:\/\/wp.me\/P6aBdB-1W","_links":{"self":[{"href":"https:\/\/schluesseldienst-hannover-list.com\/schluesselnotdienst\/wp-json\/wp\/v2\/pages\/120"}],"collection":[{"href":"https:\/\/schluesseldienst-hannover-list.com\/schluesselnotdienst\/wp-json\/wp\/v2\/pages"}],"about":[{"href":"https:\/\/schluesseldienst-hannover-list.com\/schluesselnotdienst\/wp-json\/wp\/v2\/types\/page"}],"author":[{"embeddable":true,"href":"https:\/\/schluesseldienst-hannover-list.com\/schluesselnotdienst\/wp-json\/wp\/v2\/users\/1"}],"replies":[{"embeddable":true,"href":"https:\/\/schluesseldienst-hannover-list.com\/schluesselnotdienst\/wp-json\/wp\/v2\/comments?post=120"}],"version-history":[{"count":24,"href":"https:\/\/schluesseldienst-hannover-list.com\/schluesselnotdienst\/wp-json\/wp\/v2\/pages\/120\/revisions"}],"predecessor-version":[{"id":562,"href":"https:\/\/schluesseldienst-hannover-list.com\/schluesselnotdienst\/wp-json\/wp\/v2\/pages\/120\/revisions\/562"}],"wp:attachment":[{"href":"https:\/\/schluesseldienst-hannover-list.com\/schluesselnotdienst\/wp-json\/wp\/v2\/media?parent=120"}],"curies":[{"name":"wp","href":"https:\/\/api.w.org\/{rel}","templated":true}]}}